{"id":3,"date":"2024-10-12T17:56:04","date_gmt":"2024-10-12T17:56:04","guid":{"rendered":"https:\/\/vibrant-heyrovsky.216-225-198-194.plesk.page\/?page_id=3"},"modified":"2024-12-07T21:12:51","modified_gmt":"2024-12-08T03:12:51","slug":"privacy-policy","status":"publish","type":"page","link":"https:\/\/bolsadetrabajo.segu.com.mx\/index.php\/privacy-policy\/","title":{"rendered":"Pol\u00edtica de privacidad"},"content":{"rendered":"\t\t<div data-elementor-type=\"wp-page\" data-elementor-id=\"3\" class=\"elementor elementor-3\" data-elementor-post-type=\"page\">\n\t\t\t\t<div class=\"elementor-element elementor-element-6fd15294 e-flex e-con-boxed e-con e-parent\" data-id=\"6fd15294\" data-element_type=\"container\">\n\t\t\t\t\t<div class=\"e-con-inner\">\n\t\t\t\t<div class=\"elementor-element elementor-element-5123fdc5 elementor-widget elementor-widget-text-editor\" data-id=\"5123fdc5\" data-element_type=\"widget\" data-widget_type=\"text-editor.default\">\n\t\t\t\t<div class=\"elementor-widget-container\">\n\t\t\t\t\t\t\t<p><strong>SEGU, S.A. de C.V.<\/strong>, con domicilio en Galeana 360, Santa Fe, \u00c1lvaro Obreg\u00f3n, Ciudad de M\u00e9xico, en cumplimiento con lo dispuesto por la Ley Federal de Protecci\u00f3n de Datos Personales en Posesi\u00f3n de los Particulares (LFPDPPP) y su reglamento, as\u00ed como dem\u00e1s normatividad aplicable, pone a disposici\u00f3n de los usuarios del sitio web\u00a0<a href=\"http:\/\/www.segu.com.mx\/\"><strong>www.segu.com.mx<\/strong><\/a>\u00a0el siguiente Aviso de Privacidad.<\/p><ol><li><strong>Responsable del Tratamiento de Datos Personales<\/strong><\/li><\/ol><p>El responsable del tratamiento de tus datos personales es\u00a0<strong>SEGU, S.A. de C.V.<\/strong>\u00a0(en adelante, \u00abnosotros\u00bb), quienes nos encargamos de recabar, utilizar, almacenar y proteger los datos personales que nos proporciones.<\/p><ol start=\"2\"><li><strong>Datos Personales Recabados<\/strong><\/li><\/ol><p>Para cumplir con los fines del servicio que ofrecemos a trav\u00e9s de nuestra bolsa de trabajo, solicitamos los siguientes datos personales:<\/p><ul><li>Nombre completo.<\/li><li>Direcci\u00f3n de correo electr\u00f3nico.<\/li><li>Tel\u00e9fono de contacto.<\/li><li>Curr\u00edculum Vitae (CV) y documentos relacionados (incluyendo, entre otros, formaci\u00f3n acad\u00e9mica, experiencia laboral, habilidades, etc.).<\/li><li>Informaci\u00f3n adicional que puedas proporcionarnos en tus aplicaciones o registros.<\/li><\/ul><ol start=\"3\"><li><strong>Finalidad del Tratamiento de Datos<\/strong><\/li><\/ol><p>Los datos personales recabados ser\u00e1n utilizados para las siguientes finalidades:<\/p><ul><li>Registro y gesti\u00f3n de tu cuenta dentro de nuestra bolsa de trabajo.<\/li><li>Evaluaci\u00f3n de tu perfil para ofrecerte oportunidades laborales.<\/li><li>Comunicaci\u00f3n contigo para agendar entrevistas, recibir informaci\u00f3n adicional o notificarte sobre el estado de tus postulaciones.<\/li><li>Env\u00edo de alertas sobre nuevas vacantes que puedan interesarte.<\/li><li>Env\u00edo de encuestas de satisfacci\u00f3n o estudios relacionados con nuestra plataforma de bolsa de trabajo.<\/li><li>Cumplir con las obligaciones legales que nos correspondan.<\/li><\/ul><ol start=\"4\"><li><strong>Transferencia de Datos Personales<\/strong><\/li><\/ol><p>Te informamos que no compartimos ni transferimos tus datos personales a terceros sin tu consentimiento previo, excepto en los casos en que sea necesario para cumplir con las finalidades anteriormente mencionadas, o cuando as\u00ed lo exija la ley o autoridades competentes.<\/p><ol start=\"5\"><li><strong>Derechos ARCO<\/strong><\/li><\/ol><p>Como titular de tus datos personales, tienes derecho a:<\/p><ul><li><strong>Acceder<\/strong>\u00a0a los datos que tenemos sobre ti.<\/li><li><strong>Rectificar<\/strong>\u00a0los datos personales inexactos o incompletos.<\/li><li><strong>Cancelar<\/strong>\u00a0tus datos personales cuando consideres que no son necesarios para las finalidades que justificaron su obtenci\u00f3n.<\/li><li><strong>Oponerte<\/strong>\u00a0al tratamiento de tus datos personales para fines espec\u00edficos.<\/li><\/ul><p>Para ejercer cualquiera de estos derechos, puedes enviarnos una solicitud por correo electr\u00f3nico a la siguiente direcci\u00f3n:\u00a0<strong><a href=\"mailto:segucarrocerias@hotmail.com\">segucarrocerias@hotmail.com<\/a>\u00a0<\/strong>Es importante que nos indiques claramente el derecho que deseas ejercer y proporciones la informaci\u00f3n necesaria para procesar tu solicitud.<\/p><ol start=\"6\"><li><strong>Medidas de Seguridad<\/strong><\/li><\/ol><p>Nos comprometemos a implementar medidas t\u00e9cnicas, administrativas y f\u00edsicas adecuadas para proteger tus datos personales contra da\u00f1o, p\u00e9rdida, alteraci\u00f3n, destrucci\u00f3n o uso no autorizado.<\/p><ol start=\"7\"><li><strong>Modificaciones al Aviso de Privacidad<\/strong><\/li><\/ol><p>Este Aviso de Privacidad podr\u00e1 ser modificado en cualquier momento, siendo informados de ello a trav\u00e9s de nuestro sitio web\u00a0<a href=\"https:\/\/segu.com.mx\/aviso-privacidad\/\">https:\/\/segu.com.mx\/aviso-privacidad\/<\/a>\u00a0o mediante notificaci\u00f3n directa a tu correo electr\u00f3nico. Te recomendamos revisar este aviso peri\u00f3dicamente para estar al tanto de cualquier cambio.<\/p><ol start=\"8\"><li><strong>Consentimiento<\/strong><\/li><\/ol><p>Al proporcionarnos tus datos personales, entendemos que has le\u00eddo y aceptas este Aviso de Privacidad, y otorgas tu consentimiento para el tratamiento de tus datos personales conforme a lo dispuesto en el mismo. Fecha de \u00faltima actualizaci\u00f3n:\u00a0<strong>noviembre 2024.<\/strong><\/p>\t\t\t\t\t\t<\/div>\n\t\t\t\t<\/div>\n\t\t\t\t\t<\/div>\n\t\t\t\t<\/div>\n\t\t\t\t<\/div>\n\t\t","protected":false},"excerpt":{"rendered":"<p>SEGU, S.A. de C.V., con domicilio en Galeana 360, Santa Fe, \u00c1lvaro Obreg\u00f3n, Ciudad de M\u00e9xico, en cumplimiento con lo dispuesto por la Ley Federal de Protecci\u00f3n de Datos Personales en Posesi\u00f3n de los Particulares (LFPDPPP) y su reglamento, as\u00ed como dem\u00e1s normatividad aplicable, pone a disposici\u00f3n de los usuarios del sitio web\u00a0www.segu.com.mx\u00a0el siguiente Aviso<\/p>\n","protected":false},"author":1,"featured_media":0,"parent":0,"menu_order":0,"comment_status":"closed","ping_status":"open","template":"","meta":{"footnotes":""},"class_list":["post-3","page","type-page","status-publish","hentry"],"yoast_head":"<!-- This site is optimized with the Yoast SEO Premium plugin v23.4 (Yoast SEO v23.4) - https:\/\/yoast.com\/wordpress\/plugins\/seo\/ -->\n<title>Pol\u00edtica de privacidad - SEGU - Bolsa de trabajo<\/title>\n<meta name=\"robots\" content=\"index, follow, max-snippet:-1, max-image-preview:large, max-video-preview:-1\" \/>\n<link rel=\"canonical\" href=\"https:\/\/bolsadetrabajo.segu.com.mx\/index.php\/privacy-policy\/\" \/>\n<meta property=\"og:locale\" content=\"es_MX\" \/>\n<meta property=\"og:type\" content=\"article\" \/>\n<meta property=\"og:title\" content=\"Pol\u00edtica de privacidad\" \/>\n<meta property=\"og:description\" content=\"SEGU, S.A. de C.V., con domicilio en Galeana 360, Santa Fe, \u00c1lvaro Obreg\u00f3n, Ciudad de M\u00e9xico, en cumplimiento con lo dispuesto por la Ley Federal de Protecci\u00f3n de Datos Personales en Posesi\u00f3n de los Particulares (LFPDPPP) y su reglamento, as\u00ed como dem\u00e1s normatividad aplicable, pone a disposici\u00f3n de los usuarios del sitio web\u00a0www.segu.com.mx\u00a0el siguiente Aviso\" \/>\n<meta property=\"og:url\" content=\"https:\/\/bolsadetrabajo.segu.com.mx\/index.php\/privacy-policy\/\" \/>\n<meta property=\"og:site_name\" content=\"SEGU - Bolsa de trabajo\" \/>\n<meta property=\"article:modified_time\" content=\"2024-12-08T03:12:51+00:00\" \/>\n<meta name=\"twitter:card\" content=\"summary_large_image\" \/>\n<meta name=\"twitter:label1\" content=\"Tiempo de lectura\" \/>\n\t<meta name=\"twitter:data1\" content=\"3 minutos\" \/>\n<script type=\"application\/ld+json\" class=\"yoast-schema-graph\">{\"@context\":\"https:\/\/schema.org\",\"@graph\":[{\"@type\":\"WebPage\",\"@id\":\"https:\/\/bolsadetrabajo.segu.com.mx\/index.php\/privacy-policy\/\",\"url\":\"https:\/\/bolsadetrabajo.segu.com.mx\/index.php\/privacy-policy\/\",\"name\":\"Pol\u00edtica de privacidad - SEGU - Bolsa de trabajo\",\"isPartOf\":{\"@id\":\"https:\/\/bolsadetrabajo.segu.com.mx\/#website\"},\"datePublished\":\"2024-10-12T17:56:04+00:00\",\"dateModified\":\"2024-12-08T03:12:51+00:00\",\"breadcrumb\":{\"@id\":\"https:\/\/bolsadetrabajo.segu.com.mx\/index.php\/privacy-policy\/#breadcrumb\"},\"inLanguage\":\"es\",\"potentialAction\":[{\"@type\":\"ReadAction\",\"target\":[\"https:\/\/bolsadetrabajo.segu.com.mx\/index.php\/privacy-policy\/\"]}]},{\"@type\":\"BreadcrumbList\",\"@id\":\"https:\/\/bolsadetrabajo.segu.com.mx\/index.php\/privacy-policy\/#breadcrumb\",\"itemListElement\":[{\"@type\":\"ListItem\",\"position\":1,\"name\":\"Inicio\",\"item\":\"https:\/\/bolsadetrabajo.segu.com.mx\/\"},{\"@type\":\"ListItem\",\"position\":2,\"name\":\"Pol\u00edtica de privacidad\"}]},{\"@type\":\"WebSite\",\"@id\":\"https:\/\/bolsadetrabajo.segu.com.mx\/#website\",\"url\":\"https:\/\/bolsadetrabajo.segu.com.mx\/\",\"name\":\"SEGU - Bolsa de trabajo\",\"description\":\"Explora oportunidades de empleo en SEGU, una empresa mexicana con m\u00e1s de 40 a\u00f1os de experiencia en la producci\u00f3n de equipo de transporte. Encuentra vacantes en diversas \u00e1reas y \u00fanete a un equipo comprometido con la calidad, innovaci\u00f3n y seguridad. \u00a1Construye tu futuro con nosotros!\",\"publisher\":{\"@id\":\"https:\/\/bolsadetrabajo.segu.com.mx\/#organization\"},\"potentialAction\":[{\"@type\":\"SearchAction\",\"target\":{\"@type\":\"EntryPoint\",\"urlTemplate\":\"https:\/\/bolsadetrabajo.segu.com.mx\/?s={search_term_string}\"},\"query-input\":{\"@type\":\"PropertyValueSpecification\",\"valueRequired\":true,\"valueName\":\"search_term_string\"}}],\"inLanguage\":\"es\"},{\"@type\":\"Organization\",\"@id\":\"https:\/\/bolsadetrabajo.segu.com.mx\/#organization\",\"name\":\"SEGU - Bolsa de trabajo\",\"url\":\"https:\/\/bolsadetrabajo.segu.com.mx\/\",\"logo\":{\"@type\":\"ImageObject\",\"inLanguage\":\"es\",\"@id\":\"https:\/\/bolsadetrabajo.segu.com.mx\/#\/schema\/logo\/image\/\",\"url\":\"https:\/\/bolsadetrabajo.segu.com.mx\/wp-content\/uploads\/2024\/10\/cropped-Logo-segu-200x1171-1.png\",\"contentUrl\":\"https:\/\/bolsadetrabajo.segu.com.mx\/wp-content\/uploads\/2024\/10\/cropped-Logo-segu-200x1171-1.png\",\"width\":94,\"height\":55,\"caption\":\"SEGU - Bolsa de trabajo\"},\"image\":{\"@id\":\"https:\/\/bolsadetrabajo.segu.com.mx\/#\/schema\/logo\/image\/\"}}]}<\/script>\n<!-- \/ Yoast SEO Premium plugin. -->","yoast_head_json":{"title":"Pol\u00edtica de privacidad - SEGU - Bolsa de trabajo","robots":{"index":"index","follow":"follow","max-snippet":"max-snippet:-1","max-image-preview":"max-image-preview:large","max-video-preview":"max-video-preview:-1"},"canonical":"https:\/\/bolsadetrabajo.segu.com.mx\/index.php\/privacy-policy\/","og_locale":"es_MX","og_type":"article","og_title":"Pol\u00edtica de privacidad","og_description":"SEGU, S.A. de C.V., con domicilio en Galeana 360, Santa Fe, \u00c1lvaro Obreg\u00f3n, Ciudad de M\u00e9xico, en cumplimiento con lo dispuesto por la Ley Federal de Protecci\u00f3n de Datos Personales en Posesi\u00f3n de los Particulares (LFPDPPP) y su reglamento, as\u00ed como dem\u00e1s normatividad aplicable, pone a disposici\u00f3n de los usuarios del sitio web\u00a0www.segu.com.mx\u00a0el siguiente Aviso","og_url":"https:\/\/bolsadetrabajo.segu.com.mx\/index.php\/privacy-policy\/","og_site_name":"SEGU - Bolsa de trabajo","article_modified_time":"2024-12-08T03:12:51+00:00","twitter_card":"summary_large_image","twitter_misc":{"Tiempo de lectura":"3 minutos"},"schema":{"@context":"https:\/\/schema.org","@graph":[{"@type":"WebPage","@id":"https:\/\/bolsadetrabajo.segu.com.mx\/index.php\/privacy-policy\/","url":"https:\/\/bolsadetrabajo.segu.com.mx\/index.php\/privacy-policy\/","name":"Pol\u00edtica de privacidad - SEGU - Bolsa de trabajo","isPartOf":{"@id":"https:\/\/bolsadetrabajo.segu.com.mx\/#website"},"datePublished":"2024-10-12T17:56:04+00:00","dateModified":"2024-12-08T03:12:51+00:00","breadcrumb":{"@id":"https:\/\/bolsadetrabajo.segu.com.mx\/index.php\/privacy-policy\/#breadcrumb"},"inLanguage":"es","potentialAction":[{"@type":"ReadAction","target":["https:\/\/bolsadetrabajo.segu.com.mx\/index.php\/privacy-policy\/"]}]},{"@type":"BreadcrumbList","@id":"https:\/\/bolsadetrabajo.segu.com.mx\/index.php\/privacy-policy\/#breadcrumb","itemListElement":[{"@type":"ListItem","position":1,"name":"Inicio","item":"https:\/\/bolsadetrabajo.segu.com.mx\/"},{"@type":"ListItem","position":2,"name":"Pol\u00edtica de privacidad"}]},{"@type":"WebSite","@id":"https:\/\/bolsadetrabajo.segu.com.mx\/#website","url":"https:\/\/bolsadetrabajo.segu.com.mx\/","name":"SEGU - Bolsa de trabajo","description":"Explora oportunidades de empleo en SEGU, una empresa mexicana con m\u00e1s de 40 a\u00f1os de experiencia en la producci\u00f3n de equipo de transporte. Encuentra vacantes en diversas \u00e1reas y \u00fanete a un equipo comprometido con la calidad, innovaci\u00f3n y seguridad. \u00a1Construye tu futuro con nosotros!","publisher":{"@id":"https:\/\/bolsadetrabajo.segu.com.mx\/#organization"},"potentialAction":[{"@type":"SearchAction","target":{"@type":"EntryPoint","urlTemplate":"https:\/\/bolsadetrabajo.segu.com.mx\/?s={search_term_string}"},"query-input":{"@type":"PropertyValueSpecification","valueRequired":true,"valueName":"search_term_string"}}],"inLanguage":"es"},{"@type":"Organization","@id":"https:\/\/bolsadetrabajo.segu.com.mx\/#organization","name":"SEGU - Bolsa de trabajo","url":"https:\/\/bolsadetrabajo.segu.com.mx\/","logo":{"@type":"ImageObject","inLanguage":"es","@id":"https:\/\/bolsadetrabajo.segu.com.mx\/#\/schema\/logo\/image\/","url":"https:\/\/bolsadetrabajo.segu.com.mx\/wp-content\/uploads\/2024\/10\/cropped-Logo-segu-200x1171-1.png","contentUrl":"https:\/\/bolsadetrabajo.segu.com.mx\/wp-content\/uploads\/2024\/10\/cropped-Logo-segu-200x1171-1.png","width":94,"height":55,"caption":"SEGU - Bolsa de trabajo"},"image":{"@id":"https:\/\/bolsadetrabajo.segu.com.mx\/#\/schema\/logo\/image\/"}}]}},"_links":{"self":[{"href":"https:\/\/bolsadetrabajo.segu.com.mx\/index.php\/wp-json\/wp\/v2\/pages\/3","targetHints":{"allow":["GET"]}}],"collection":[{"href":"https:\/\/bolsadetrabajo.segu.com.mx\/index.php\/wp-json\/wp\/v2\/pages"}],"about":[{"href":"https:\/\/bolsadetrabajo.segu.com.mx\/index.php\/wp-json\/wp\/v2\/types\/page"}],"author":[{"embeddable":true,"href":"https:\/\/bolsadetrabajo.segu.com.mx\/index.php\/wp-json\/wp\/v2\/users\/1"}],"replies":[{"embeddable":true,"href":"https:\/\/bolsadetrabajo.segu.com.mx\/index.php\/wp-json\/wp\/v2\/comments?post=3"}],"version-history":[{"count":7,"href":"https:\/\/bolsadetrabajo.segu.com.mx\/index.php\/wp-json\/wp\/v2\/pages\/3\/revisions"}],"predecessor-version":[{"id":280,"href":"https:\/\/bolsadetrabajo.segu.com.mx\/index.php\/wp-json\/wp\/v2\/pages\/3\/revisions\/280"}],"wp:attachment":[{"href":"https:\/\/bolsadetrabajo.segu.com.mx\/index.php\/wp-json\/wp\/v2\/media?parent=3"}],"curies":[{"name":"wp","href":"https:\/\/api.w.org\/{rel}","templated":true}]}}