{"id":7,"date":"2024-10-12T18:04:00","date_gmt":"2024-10-12T18:04:00","guid":{"rendered":"https:\/\/vibrant-heyrovsky.216-225-198-194.plesk.page\/index.php\/publicar-un-trabajo\/"},"modified":"2024-10-12T18:04:00","modified_gmt":"2024-10-12T18:04:00","slug":"publicar-un-trabajo","status":"publish","type":"page","link":"https:\/\/bolsadetrabajo.segu.com.mx\/index.php\/publicar-un-trabajo\/","title":{"rendered":"Publicar un trabajo"},"content":{"rendered":"<form action=\"\/index.php\/wp-json\/wp\/v2\/pages\/7\" method=\"post\" id=\"submit-job-form\" class=\"job-manager-form\" enctype=\"multipart\/form-data\">\n\n\t\n\t\n\t\n\t\t\t<fieldset class=\"fieldset-login_required\">\n\t\t<label>\u00bfTienes una cuenta?<\/label>\n\t\t<div class=\"field account-sign-in\">\n\t\t\t<a class=\"button\" href=\"https:\/\/bolsadetrabajo.segu.com.mx\/index.php\/mi-cuenta\/\">Acceder<\/a>\n\n\t\t\t\n\t\t\t\tTienes que estar conectado para crear un nuevo anuncio.\n\t\t\t\t\t<\/div>\n\t<\/fieldset>\n\t\n\t\n\t\n\t\t\n\t<\/form>\n\n","protected":false},"excerpt":{"rendered":"","protected":false},"author":1,"featured_media":0,"parent":0,"menu_order":0,"comment_status":"closed","ping_status":"closed","template":"","meta":{"footnotes":""},"class_list":["post-7","page","type-page","status-publish","hentry"],"yoast_head":"<!-- This site is optimized with the Yoast SEO Premium plugin v23.4 (Yoast SEO v23.4) - https:\/\/yoast.com\/wordpress\/plugins\/seo\/ -->\n<title>Publicar un trabajo - SEGU - Bolsa de trabajo<\/title>\n<meta name=\"robots\" content=\"index, follow, max-snippet:-1, max-image-preview:large, max-video-preview:-1\" \/>\n<link rel=\"canonical\" href=\"https:\/\/bolsadetrabajo.segu.com.mx\/index.php\/publicar-un-trabajo\/\" \/>\n<meta property=\"og:locale\" content=\"es_MX\" \/>\n<meta property=\"og:type\" content=\"article\" \/>\n<meta property=\"og:title\" content=\"Publicar un trabajo\" \/>\n<meta property=\"og:url\" content=\"https:\/\/bolsadetrabajo.segu.com.mx\/index.php\/publicar-un-trabajo\/\" \/>\n<meta property=\"og:site_name\" content=\"SEGU - Bolsa de trabajo\" \/>\n<meta name=\"twitter:card\" content=\"summary_large_image\" \/>\n<script type=\"application\/ld+json\" class=\"yoast-schema-graph\">{\"@context\":\"https:\/\/schema.org\",\"@graph\":[{\"@type\":\"WebPage\",\"@id\":\"https:\/\/bolsadetrabajo.segu.com.mx\/index.php\/publicar-un-trabajo\/\",\"url\":\"https:\/\/bolsadetrabajo.segu.com.mx\/index.php\/publicar-un-trabajo\/\",\"name\":\"Publicar un trabajo - SEGU - Bolsa de trabajo\",\"isPartOf\":{\"@id\":\"https:\/\/bolsadetrabajo.segu.com.mx\/#website\"},\"datePublished\":\"2024-10-12T18:04:00+00:00\",\"dateModified\":\"2024-10-12T18:04:00+00:00\",\"breadcrumb\":{\"@id\":\"https:\/\/bolsadetrabajo.segu.com.mx\/index.php\/publicar-un-trabajo\/#breadcrumb\"},\"inLanguage\":\"es\",\"potentialAction\":[{\"@type\":\"ReadAction\",\"target\":[\"https:\/\/bolsadetrabajo.segu.com.mx\/index.php\/publicar-un-trabajo\/\"]}]},{\"@type\":\"BreadcrumbList\",\"@id\":\"https:\/\/bolsadetrabajo.segu.com.mx\/index.php\/publicar-un-trabajo\/#breadcrumb\",\"itemListElement\":[{\"@type\":\"ListItem\",\"position\":1,\"name\":\"Inicio\",\"item\":\"https:\/\/bolsadetrabajo.segu.com.mx\/\"},{\"@type\":\"ListItem\",\"position\":2,\"name\":\"Publicar un trabajo\"}]},{\"@type\":\"WebSite\",\"@id\":\"https:\/\/bolsadetrabajo.segu.com.mx\/#website\",\"url\":\"https:\/\/bolsadetrabajo.segu.com.mx\/\",\"name\":\"SEGU - Bolsa de trabajo\",\"description\":\"Explora oportunidades de empleo en SEGU, una empresa mexicana con m\u00e1s de 40 a\u00f1os de experiencia en la producci\u00f3n de equipo de transporte. Encuentra vacantes en diversas \u00e1reas y \u00fanete a un equipo comprometido con la calidad, innovaci\u00f3n y seguridad. \u00a1Construye tu futuro con nosotros!\",\"publisher\":{\"@id\":\"https:\/\/bolsadetrabajo.segu.com.mx\/#organization\"},\"potentialAction\":[{\"@type\":\"SearchAction\",\"target\":{\"@type\":\"EntryPoint\",\"urlTemplate\":\"https:\/\/bolsadetrabajo.segu.com.mx\/?s={search_term_string}\"},\"query-input\":{\"@type\":\"PropertyValueSpecification\",\"valueRequired\":true,\"valueName\":\"search_term_string\"}}],\"inLanguage\":\"es\"},{\"@type\":\"Organization\",\"@id\":\"https:\/\/bolsadetrabajo.segu.com.mx\/#organization\",\"name\":\"SEGU - Bolsa de trabajo\",\"url\":\"https:\/\/bolsadetrabajo.segu.com.mx\/\",\"logo\":{\"@type\":\"ImageObject\",\"inLanguage\":\"es\",\"@id\":\"https:\/\/bolsadetrabajo.segu.com.mx\/#\/schema\/logo\/image\/\",\"url\":\"https:\/\/bolsadetrabajo.segu.com.mx\/wp-content\/uploads\/2024\/10\/cropped-Logo-segu-200x1171-1.png\",\"contentUrl\":\"https:\/\/bolsadetrabajo.segu.com.mx\/wp-content\/uploads\/2024\/10\/cropped-Logo-segu-200x1171-1.png\",\"width\":94,\"height\":55,\"caption\":\"SEGU - Bolsa de trabajo\"},\"image\":{\"@id\":\"https:\/\/bolsadetrabajo.segu.com.mx\/#\/schema\/logo\/image\/\"}}]}<\/script>\n<!-- \/ Yoast SEO Premium plugin. -->","yoast_head_json":{"title":"Publicar un trabajo - SEGU - Bolsa de trabajo","robots":{"index":"index","follow":"follow","max-snippet":"max-snippet:-1","max-image-preview":"max-image-preview:large","max-video-preview":"max-video-preview:-1"},"canonical":"https:\/\/bolsadetrabajo.segu.com.mx\/index.php\/publicar-un-trabajo\/","og_locale":"es_MX","og_type":"article","og_title":"Publicar un trabajo","og_url":"https:\/\/bolsadetrabajo.segu.com.mx\/index.php\/publicar-un-trabajo\/","og_site_name":"SEGU - Bolsa de trabajo","twitter_card":"summary_large_image","schema":{"@context":"https:\/\/schema.org","@graph":[{"@type":"WebPage","@id":"https:\/\/bolsadetrabajo.segu.com.mx\/index.php\/publicar-un-trabajo\/","url":"https:\/\/bolsadetrabajo.segu.com.mx\/index.php\/publicar-un-trabajo\/","name":"Publicar un trabajo - SEGU - Bolsa de trabajo","isPartOf":{"@id":"https:\/\/bolsadetrabajo.segu.com.mx\/#website"},"datePublished":"2024-10-12T18:04:00+00:00","dateModified":"2024-10-12T18:04:00+00:00","breadcrumb":{"@id":"https:\/\/bolsadetrabajo.segu.com.mx\/index.php\/publicar-un-trabajo\/#breadcrumb"},"inLanguage":"es","potentialAction":[{"@type":"ReadAction","target":["https:\/\/bolsadetrabajo.segu.com.mx\/index.php\/publicar-un-trabajo\/"]}]},{"@type":"BreadcrumbList","@id":"https:\/\/bolsadetrabajo.segu.com.mx\/index.php\/publicar-un-trabajo\/#breadcrumb","itemListElement":[{"@type":"ListItem","position":1,"name":"Inicio","item":"https:\/\/bolsadetrabajo.segu.com.mx\/"},{"@type":"ListItem","position":2,"name":"Publicar un trabajo"}]},{"@type":"WebSite","@id":"https:\/\/bolsadetrabajo.segu.com.mx\/#website","url":"https:\/\/bolsadetrabajo.segu.com.mx\/","name":"SEGU - Bolsa de trabajo","description":"Explora oportunidades de empleo en SEGU, una empresa mexicana con m\u00e1s de 40 a\u00f1os de experiencia en la producci\u00f3n de equipo de transporte. Encuentra vacantes en diversas \u00e1reas y \u00fanete a un equipo comprometido con la calidad, innovaci\u00f3n y seguridad. \u00a1Construye tu futuro con nosotros!","publisher":{"@id":"https:\/\/bolsadetrabajo.segu.com.mx\/#organization"},"potentialAction":[{"@type":"SearchAction","target":{"@type":"EntryPoint","urlTemplate":"https:\/\/bolsadetrabajo.segu.com.mx\/?s={search_term_string}"},"query-input":{"@type":"PropertyValueSpecification","valueRequired":true,"valueName":"search_term_string"}}],"inLanguage":"es"},{"@type":"Organization","@id":"https:\/\/bolsadetrabajo.segu.com.mx\/#organization","name":"SEGU - Bolsa de trabajo","url":"https:\/\/bolsadetrabajo.segu.com.mx\/","logo":{"@type":"ImageObject","inLanguage":"es","@id":"https:\/\/bolsadetrabajo.segu.com.mx\/#\/schema\/logo\/image\/","url":"https:\/\/bolsadetrabajo.segu.com.mx\/wp-content\/uploads\/2024\/10\/cropped-Logo-segu-200x1171-1.png","contentUrl":"https:\/\/bolsadetrabajo.segu.com.mx\/wp-content\/uploads\/2024\/10\/cropped-Logo-segu-200x1171-1.png","width":94,"height":55,"caption":"SEGU - Bolsa de trabajo"},"image":{"@id":"https:\/\/bolsadetrabajo.segu.com.mx\/#\/schema\/logo\/image\/"}}]}},"_links":{"self":[{"href":"https:\/\/bolsadetrabajo.segu.com.mx\/index.php\/wp-json\/wp\/v2\/pages\/7","targetHints":{"allow":["GET"]}}],"collection":[{"href":"https:\/\/bolsadetrabajo.segu.com.mx\/index.php\/wp-json\/wp\/v2\/pages"}],"about":[{"href":"https:\/\/bolsadetrabajo.segu.com.mx\/index.php\/wp-json\/wp\/v2\/types\/page"}],"author":[{"embeddable":true,"href":"https:\/\/bolsadetrabajo.segu.com.mx\/index.php\/wp-json\/wp\/v2\/users\/1"}],"replies":[{"embeddable":true,"href":"https:\/\/bolsadetrabajo.segu.com.mx\/index.php\/wp-json\/wp\/v2\/comments?post=7"}],"version-history":[{"count":0,"href":"https:\/\/bolsadetrabajo.segu.com.mx\/index.php\/wp-json\/wp\/v2\/pages\/7\/revisions"}],"wp:attachment":[{"href":"https:\/\/bolsadetrabajo.segu.com.mx\/index.php\/wp-json\/wp\/v2\/media?parent=7"}],"curies":[{"name":"wp","href":"https:\/\/api.w.org\/{rel}","templated":true}]}}